1638?
6
What is the hundreds digit of 7647682?
6
What is the tens digit of 162370?
7
What is the millions digit of 11695753?
1
What is the units digit of 859564?
4
What is the hundred thousands digit of 3480050?
4
What is the units digit of 1181718?
8
What is the ten thousands digit of 197809?
9
What is the tens digit of 2396998?
9
What is the thousands digit of 2922582?
2
What is the hundred thousands digit of 1518449?
5
What is the thousands digit of 10953715?
3
What is the thousands digit of 3974654?
4
What is the ten thousands digit of 474868?
7
What is the hundreds digit of 61168?
1
What is the hundreds digit of 346903?
9
What is the ten thousands digit of 8516918?
1
What is the thousands digit of 2819364?
9
What is the hundred thousands digit of 393323?
3
What is the hundred thousands digit of 646427?
6
What is the tens digit of 242996?
9
What is the hundreds digit of 9155?
1
What is the units digit of 5692117?
7
What is the millions digit of 2042637?
2
What is the ten thousands digit of 1736595?
3
What is the ten thousands digit of 491383?
9
What is the hundred thousands digit of 572437?
5
What is the millions digit of 31587603?
1
What is the hundreds digit of 26068407?
4
What is the millions digit of 1059062?
1
What is the hundred thousands digit of 1469681?
4
What is the millions digit of 12876277?
2
What is the thousands digit of 477152?
7
What is the thousands digit of 121371?
1
What is the ten millions digit of 32146325?
3
What is the ten thousands digit of 16452096?
5
What is the ten thousands digit of 98331?
9
What is the tens digit of 8858291?
9
What is the thousands digit of 10303?
0
What is the hundreds digit of 781764?
7
What is the thousands digit of 5227040?
7
What is the thousands digit of 21964256?
4
What is the ten thousands digit of 71046?
7
What is the millions digit of 1682351?
1
What is the thousands digit of 33467450?
7
What is the units digit of 224766?
6
What is the millions digit of 29659877?
9
What is the tens digit of 111950?
5
What is the thousands digit of 1499024?
9
What is the hundreds digit of 701989?
9
What is the hundreds digit of 880900?
9
What is the hundreds digit of 337448?
4
What is the hundreds digit of 1699790?
7
What is the ten thousands digit of 18850057?
5
What is the hundreds digit of 1473893?
8
What is the hundred thousands digit of 111541?
1
What is the hundreds digit of 2804122?
1
What is the hundreds digit of 563086?
0
What is the ten thousands digit of 128411?
2
What is the hundred thousands digit of 397940?
3
What is the ten thousands digit of 163531?
6
What is the hundred thousands digit of 297723?
2
What is the tens digit of 5217595?
9
What is the tens digit of 2609819?
1
What is the tens digit of 13846?
4
What is the thousands digit of 475176?
5
What is the thousands digit of 10370599?
0
What is the hundreds digit of 1922802?
8
What is the hundred thousands digit of 170786?
1
What is the hundred thousands digit of 4461970?
4
What is the ten thousands digit of 5029407?
2
What is the units digit of 48504?
4
What is the units digit of 22774687?
7
What is the hundred thousands digit of 821615?
8
What is the tens digit of 118611?
1
What is the hundreds digit of 4152671?
6
What is the units digit of 7391?
1
What is the ten thousands digit of 2285925?
8
What is the thousands digit of 376267?
6
What is the ten thousands digit of 226201?
2
What is the units digit of 224813?
3
What is the tens digit of 2277135?
3
What is the thousands digit of 4374647?
4
What is the ten thousands digit of 4452786?
5
What is the tens digit of 336092?
9
What is the hundreds digit of 2181030?
0
What is the hundreds digit of 83580?
5
What is the millions digit of 2708656?
2
What is the units digit of 18186407?
7
What is the ten thousands digit of 31759?
3
What is the millions digit of 3444652?
3
What is the thousands digit of 531239?
1
What is the thousands digit of 777759?
7
What is the units digit of 61745?
5
What is the units digit of 907502?
2
What is the hundreds digit of 435?
4
What is the units digit of 2620732?
2
What is the units digit of 47319?
9
What is the millions digit of 22963178?
2
What is the millions digit of 3943966?
3
What is the hundreds digit of 13263764?
7
What is the hundred thousands digit of 378872?
3
What is the ten millions digit of 20882564?
2
What is the millions digit of 13506208?
3
What is the hundreds digit of 2428150?
1
What is the tens digit of 95522?
2
What is the thousands digit of 401162?
1
What is the units digit of 396452?
2
What is the hundreds digit of 5025273?
2
What is the hundreds digit of 13760395?
3
What is the hundreds digit of 2515690?
6
What is the tens digit of 1629337?
3
What is the units digit of 4289301?
1
What is the tens digit of 279071?
7
What is the ten thousands digit of 3711608?
1
What is the units digit of 142662?
2
What is the hundreds digit of 5168795?
7
What is the tens digit of 106303?
0
What is the units digit of 251333?
3
What is the hundred thousands digit of 2745111?
7
What is the units digit of 2591863?
3
What is the hundreds digit of 8150893?
8
What is the hundreds digit of 17851?
8
What is the hundreds digit of 20762310?
3
What is the hundred thousands digit of 240912?
2
What is the hundred thousands digit of 852425?
8
What is the thousands digit of 35425070?
5
What is the tens digit of 368531?
3
What is the thousands digit of 586776?
6
What is the hundred thousands digit of 1314550?
3
What is the ten thousands digit of 249802?
4
What is the hundreds digit of 153926?
9
What is the millions digit of 3541733?
3
What is the hundreds digit of 316615?
6
What is the hundred thousands digit of 16292163?
2
What is the ten thousands digit of 1007841?
0
What is the units digit of 761847?
7
What is the ten thousands digit of 245278?
4
What is the units digit of 24191?
1
What is the hundreds digit of 2793281?
2
What is the units digit of 5902506?
6
What is the hundred thousands digit of 8662643?
6
What is the hundred thousands digit of 1834127?
8
What is the millions digit of 2194823?
2
What is the ten thousands digit of 14659830?
5
What is the units digit of 25921484?
4
What is the ten thousands digit of 48438?
4
What is the units digit of 7473440?
0
What is the thousands digit of 90228?
0
What is the hundred thousands digit of 448252?
4
What is the ten thousands digit of 4200972?
0
What is the thousands digit of 210703?
0
What is the hundred thousands digit of 1317544?
3
What is the thousands digit of 1125777?
5
What is the hundred thousands digit of 465616?
4
What is the hundred thousands digit of 891254?
8
What is the hundred thousands digit of 4542466?
5
What is the hundred thousands digit of 3458405?
4
What is the ten thousands digit of 11896397?
9
What is the units digit of 2773002?
2
What is the tens digit of 5191325?
2
What is the hundred thousands digit of 978696?
9
What is the ten thousands digit of 294401?
9
What is the units digit of 430244?
4
What is the units digit of 145903?
3
What is the hundred thousands digit of 14609818?
6
What is the hundreds digit of 3590078?
0
What is the ten millions digit of 15382978?
1
What is the tens digit of 340569?
6
What is the units digit of 172045?
5
What is the ten thousands digit of 3691007?
9
What is the ten thousands digit of 5126150?
2
What is the hundred thousands digit of 7142959?
1
What is the millions digit of 4315557?
4
What is the ten thousands digit of 4274197?
7
What is the thousands digit of 2405195?
5
What is the ten millions digit of 20188275?
2
What is the thousands digit of 18843235?
3
What is the tens digit of 1941544?
4
What is the thousands digit of 870631?
0
What is the ten thousands digit of 46894?
4
What is the tens digit of 90885?
8
What is the hundreds digit of 8611492?
4
What is the hundred thousands digit of 4475752?
4
What is the hundreds digit of 89244?
2
What is the ten thousands digit of 523683?
2
What is the tens digit of 69741?
4
What is the millions digit of 4172432?
4
What is the units digit of 214917?
7
What is the ten thousands digit of 15748?
1
What is the thousands digit of 3213759?
3
What is the ten millions digit of 11896286?
1
What is the hundred thousands digit of 343810?
3
What is the tens digit of 2006382?
8
What is the tens digit of 1926438?
3
What is the 